 in base 11?
-16275
24177 (base 13) to base 10
66177
What is 48a97 (base 11) in base 6?
1302304
Convert 44614 (base 11) to base 16.
fc75
What is -54029 (base 12) in base 5?
-12020000
Convert 513557 (base 8) to base 4.
221131233
Convert 1044322 (base 7) to base 3.
20112122221
Convert 45773 (base 11) to base 5.
4104041
What is -1020210122 (base 4) in base 9?
-502658
What is -1122472 (base 8) in base 12?
-128222
Convert 300121132 (base 4) to base 3.
101001221011
13997017 (base 10) to base 12
4830161
-20d33 (base 14) to base 4
-103121001
3143310 (base 6) to base 5
14404230
266186 (base 10) to base 5
32004221
Convert 1658887 (base 9) to base 4.
3201312223
Convert 14957c7 (base 15) to base 12.
4ba8097
Convert 131330223012 (base 4) to base 16.
77cac6
4b963 (base 13) to base 14
3904d
What is -3063143 (base 7) in base 11?
-231916
-1019b13 (base 12) to base 16
-2e23ff
Convert 367209 (base 11) to base 2.
10001101101111010111
What is -54356166 (base 7) in base 10?
-4652892
Convert -210202032213 (base 4) to base 15.
-c92b23
-ba7752 (base 13) to base 5
-2110331322
What is b0495 (base 14) in base 11?
26a1a2
What is 21000120110 (base 3) in base 6?
2543450
-116505235 (base 7) to base 15
-9aba77
What is 4d238d (base 15) in base 14?
6c57b1
-8737726 (base 9) to base 16
-479148
What is 196be (base 16) in base 10?
104126
236415 (base 13) to base 5
203422040
Convert b2266 (base 13) to base 6.
10500443
What is -1100301444 (base 6) in base 15?
-107aa1d
Convert -2045235 (base 6) to base 10.
-99671
What is -45450235 (base 6) in base 14?
-282b5d
Convert -7ebb04 (base 15) to base 4.
-113020131223
What is -220432 (base 6) in base 9?
-27102
What is -102114052 (base 6) in base 12?
-71b928
-1201024210 (base 5) to base 3
-12011210202201
3523110 (base 6) to base 16
2c772
What is 2203531 (base 6) in base 8?
326217
1aca7 (base 15) to base 4
111103000
Convert 10412034 (base 5) to base 8.
262577
12320032300 (base 4) to base 10
1803184
What is 220003030 (base 5) in base 14?
1a5b22
-112176 (base 9) to base 15
-14db3
Convert -211011112 (base 5) to base 4.
-3111310012
What is -1230164 (base 7) in base 3?
-22001111122
34c2a (base 15) to base 12
81357
Convert -a6577 (base 12) to base 15.
-44b44
Convert 12310313303 (base 4) to base 13.
4a8643
17a25b (base 13) to base 10
593604
Convert -1d358 (base 14) to base 6.
-1334030
851d (base 14) to base 7
123636
Convert -175507 (base 10) to base 5.
-21104012
What is 2676263 (base 8) in base 11?
474671
What is -10244532 (base 7) in base 13?
-245361
What is 10010111011010000 (base 2) in base 3?
10221100010
Convert -21652107 (base 8) to base 12.
-1695287
Convert -100001110010111010111 (base 2) to base 5.
-240414130
-19ca6e (base 16) to base 15
-235c17
What is -16528632 (base 9) in base 2?
-11111100111000001111001
Convert 68634a (base 12) to base 6.
55442134
Convert 15130042 (base 7) to base 6.
50435204
-26965 (base 12) to base 8
-147735
What is 12302640 (base 7) in base 10?
1110270
What is -12122101010 (base 3) in base 14?
-2c6a5
-2836315 (base 9) to base 7
-16153622
-120002322 (base 4) to base 13
-35aa2
What is 3c571 (base 15) in base 4?
233101012
What is 210332120 (base 4) in base 3?
21200202012
16167 (base 15) to base 5
4234242
142120540 (base 6) to base 13
7a85c6
Convert 171127 (base 8) to base 15.
135ae
-196353 (base 10) to base 9
-328310
43414 (base 11) to base 12
305a8
What is 1000012020101 (base 3) in base 5?
114112013
What is -14912638 (base 10) in base 9?
-31048257
64038 (base 14) to base 2
111010111101110010
Convert -41b7 (base 16) to base 10.
-16823
-321363 (base 13) to base 4
-10132210122
What is 1502b (base 12) in base 9?
44308
Convert 225410 (base 8) to base 11.
52573
What is 410442134 (base 5) in base 15?
22a999
-1819b3 (base 12) to base 5
-101333004
Convert -14cac0c (base 14) to base 4.
-212303103230
What is -1010101110010010111010 (base 2) in base 6?
-140130110
What is -669092 (base 13) in base 6?
-123503052
Convert -680542 (base 9) to base 13.
-113480
Convert 1554613 (base 7) to base 10.
215365
What is -212042320 (base 6) in base 3?
-21000220212110
-102001001020 (base 3) to base 14
-59279
Convert -52187 (base 13) to base 7.
-1152653
What is -b7a97 (base 13) in base 12?
-13b918
-d21d6 (base 15) to base 6
-22132033
Convert 368499c (base 13) to base 9.
34800053
What is 11100111011111111101010 (base 2) in base 14?
10166ca
-1001134 (base 5) to base 14
-5a82
What is 7406 (base 9) in base 14?
1da1
-21212331 (base 5) to base 13
-63693
What is -120500 (base 10) in base 6?
-2325512
36782e (base 16) to base 12
124197a
What is 61547 (base 10) in base 3?
10010102112
What is -101222110221 (base 3) in base 15?
-4408d
What is -3060116 (base 7) in base 15?
-73ce5
Convert 10111010110011011 (base 2) to base 3.
11212012100
132126 (base 8) to base 3
2100022212
-1306447 (base 8) to base 11
-229381
What is -286394 (base 13) in base 3?
-1212001000012
What is 10001011001000001000 (base 2) in base 14?
10b968
What is -110000111111100001 (base 2) in base 5?
-22410143
-13737361 (base 8) to base 11
-1847a12
4228346 (base 10) to base 4
100020103322
What is 8542045 (base 9) in base 10?
4574516
-19723 (base 13) to base 14
-140b0
-124358 (base 11) to base 2
-101111110111110011
What is 1225252 (base 10) in base 8?
4531044
What is 11000111100111000000111 (base 2) in base 13?
1480200
Convert -c2972 (base 15) to base 9.
-1138458
301425 (base 9) to base 7
1341413
816a9b (base 13) to base 4
23133310101
Convert -17102 (base 15) to base 14.
-1d1db
Convert -c2e50 (base 15) to base 3.
-1011101000110
What is -163e1 (base 15) in base 10?
-71761
Convert -cbc8c (base 15) to base 9.
-1186126
Convert 453354242 (base 6) to base 14.
115aa30
-1f73c (base 16) to base 3
-20112201102
100110101100001101100 (base 2) to base 6
43101312
-295b731 (base 12) to base 4
-133302331111
-1211ba (base 16) to base 9
-2204352
31877623 (base 9) to base 3
1001222121200210
What is -42597 (base 11) in base 13?
-22265
What is 486184 (base 11) in base 8?
2736773
Convert -45eb (base 15) to base 16.
-39fe
102052163 (base 7) to base 13
1326b27
-222200012021222 (base 3) to base 6
-1223455512
Convert -1992c07 (base 14) to base 8.
-60422527
What is -4601565 (base 7) in base 4?
-2023222221
Convert 5c78 (base 13) to base 8.
31470
-118510 (base 12) to base 13
-9c429
Convert 9866 (base 15) to base 10.
32271
6335022 (base 10) to base 9
12825013
Convert -4033a2 (base 13) to base 9.
-2724164
1c845a (base 16) to base 14
369122
Convert -874022 (base 9) to base 8.
-1772047
What is 3613332 (base 9) in base 13?
537086
What is 42202421 (base 5) in base 16?
55899
What is 621742 (base 14) in base 2?
1100100111100110101110
What is -79787 (base 11) in base 6?
-2250144
What is -10210323130 (base 4) in base 13?
-330181
30106 (base 14) to base 5
12143300
Convert -140276 (base 11) to base 4.
-311230210
What is 251871 (base 11) in base 15?
7cc74
Convert -254b0b (base 14) to base 13.
-35b017
3334301002 (base 5) to base 3
111210210022222
What is f2a4 (base 16) in base 4?
33022210
Convert -43074 (base 8) to base 7.
-103264
Convert -101111000010110110 (base 2) to base 8.
-570266
Convert -11010110000111110111 (base 2) to base 9.
-1576066
-204863 (base 15) to base 2
-101110110100010111111
What is 110210122220 (base 3) in base 2?
111101100001010100
What is -1440205 (base 11) in base 15?
-33d31b
Convert 10d5c3d (base 15) to base 2.
101110000010011000011111
Convert -6052888 (base 9) to base 5.
-1311124022
-421043203 (base 5) to base 3
-10021021010120
What is -14157b7 (base 13) in base 16?
-60efdc
What is 1630230 (base 7) in base 5?
24211223
-39796 (base 13) to base 4
-122010022
What is 8b475 (base 13) in base 11?
163449
What is -15124652 (base 7) in base 6?
-50431552
Convert 3045883 (base 10) to base 5.
1234432013
Convert 9e88 (base 16) to base 10.
40584
Convert -10224433 (base 5) to base 12.
-41aab
1214433010 (base 6) to base 12
4802766
What is -50469 (base 13) in base 4?
-203003100
-121063256 (base 7) to base 16
-732116
27182 (base 15) to base 13
44cc6
What is -551222 (base 6) in base 2?
-1011001001011110
What is 101100000101100111000110 (base 2) in base 7?
200143543
Convert -177353 (base 12) to base 3.
-202122201100
What is -228411c (base 13) in base 5?
-10210234144
What is 1043221213 (base 5) in base 8?
10663467
Convert 2124512 (base 6